289
What is the greatest common factor of 192 and 17988?
12
Calculate the highest common factor of 88 and 23607848.
88
What is the highest common factor of 2840294 and 1401?
467
What is the greatest common factor of 570 and 395390?
190
What is the highest common divisor of 6352 and 310454?
794
What is the greatest common divisor of 110 and 838?
2
Calculate the highest common divisor of 5 and 1001040.
5
Calculate the greatest common divisor of 622093 and 82.
41
What is the highest common factor of 80 and 164360?
40
Calculate the highest common factor of 16032 and 15168.
96
What is the highest common divisor of 285 and 1263215?
95
What is the highest common factor of 6356 and 8?
4
Calculate the highest common divisor of 4725 and 4375.
175
What is the greatest common factor of 30742 and 4218?
38
What is the greatest common factor of 209 and 215?
1
Calculate the greatest common factor of 374 and 90372.
34
What is the highest common factor of 743745 and 30?
15
Calculate the highest common divisor of 177 and 868657.
59
Calculate the greatest common factor of 4256 and 816088.
1064
What is the greatest common factor of 313479 and 1403?
61
What is the highest common factor of 279733 and 1401?
467
What is the highest common factor of 1659 and 68493?
237
What is the highest common factor of 27 and 2439?
9
What is the highest common factor of 294 and 179406?
6
Calculate the highest common factor of 237568 and 64.
64
Calculate the highest common divisor of 147 and 292089.
147
Calculate the greatest common divisor of 50 and 193075.
25
What is the greatest common divisor of 73386 and 60264?
486
Calculate the greatest common factor of 597 and 131.
1
What is the greatest common divisor of 56 and 65198?
14
Calculate the greatest common divisor of 26 and 3294.
2
What is the greatest common factor of 1585 and 7?
1
Calculate the greatest common divisor of 70018 and 182.
26
Calculate the greatest common divisor of 350 and 260450.
50
What is the highest common factor of 6025 and 275?
25
What is the greatest common factor of 1303369 and 118?
59
What is the highest common divisor of 198 and 52382?
22
What is the highest common factor of 50078 and 196?
98
What is the greatest common divisor of 1144673 and 734?
367
Calculate the greatest common divisor of 63250 and 6750.
250
What is the greatest common factor of 3014 and 5143391?
1507
What is the highest common factor of 60 and 87645?
15
Calculate the greatest common factor of 22499 and 15347.
149
Calculate the greatest common factor of 3000 and 471750.
750
Calculate the highest common divisor of 3258 and 137198.
362
What is the greatest common divisor of 23120 and 170?
170
What is the highest common factor of 17097 and 51847?
139
Calculate the highest common divisor of 10 and 9742.
2
What is the greatest common divisor of 384637 and 1916?
479
What is the highest common divisor of 17888 and 34528?
416
Calculate the highest common divisor of 174447 and 108.
27
Calculate the greatest common factor of 150420 and 1230.
30
What is the highest common divisor of 86 and 40463?
43
What is the highest common factor of 4710 and 76616?
314
Calculate the highest common factor of 628450 and 50.
50
Calculate the greatest common factor of 207478 and 7037.
227
What is the highest common divisor of 15162 and 17346?
42
Calculate the highest common factor of 110 and 18854.
22
What is the highest common divisor of 988 and 2128?
76
Calculate the highest common divisor of 4148 and 136.
68
Calculate the highest common divisor of 63891 and 3441.
93
Calculate the greatest common factor of 35 and 5705.
35
Calculate the greatest common divisor of 244868 and 26.
26
Calculate the highest common divisor of 216 and 48624.
24
What is the greatest common factor of 2 and 68447?
1
What is the greatest common divisor of 3888 and 14928?
48
Calculate the highest common divisor of 865728 and 128.
64
What is the highest common divisor of 2625 and 750225?
525
Calculate the greatest common factor of 54 and 261558.
18
What is the greatest common divisor of 38 and 17746?
38
What is the greatest common divisor of 2470 and 13870?
190
What is the greatest common divisor of 60 and 235860?
60
Calculate the greatest common divisor of 2403035 and 25.
5
Calculate the greatest common divisor of 83433 and 49868.
959
Calculate the highest common factor of 270956 and 28.
28
What is the highest common divisor of 240255 and 15390?
855
What is the highest common divisor of 38496 and 96?
96
What is the highest common factor of 140 and 394695?
35
Calculate the greatest common factor of 2110649 and 203.
29
What is the highest common divisor of 4836 and 620?
124
Calculate the greatest common factor of 50655 and 660.
165
Calculate the highest common factor of 278 and 275498.
278
What is the greatest common factor of 2313 and 207?
9
Calculate the greatest common factor of 17199 and 252.
63
What is the highest common divisor of 171458 and 28?
14
Calculate the greatest common divisor of 1 and 12450.
1
Calculate the highest common divisor of 940544 and 2112.
704
Calculate the greatest common factor of 528 and 34980.
132
Calculate the greatest common divisor of 1359792 and 304.
304
Calculate the greatest common divisor of 201 and 43209.
3
Calculate the highest common divisor of 512771 and 1736.
217
Calculate the greatest common factor of 3 and 100843.
1
What is the greatest common factor of 2728 and 339977?
341
What is the highest common divisor of 55974 and 3534?
114
Calculate the highest common factor of 238 and 159834.
34
What is the highest common factor of 10846 and 561?
187
What is the greatest common factor of 13224 and 1140?
228
Calculate the greatest common divisor of 92697 and 6.
3
Calculate the highest common factor of 4175 and 201736.
167
What is the highest common divisor of 5327 and 203?
7
Calculate the highest common factor of 80712 and 4176.
72
Calculate the greatest common divisor of 4848 and 5474604.
1212
What is the greatest common factor of 48 and 177648?
48
Calculate the highest common factor of 16185 and 5785.
65
Calculate the greatest common factor of 109310 and 80.
10
What is the highest common factor of 54 and 49554?
18
Calculate the greatest common factor of 548699 and 579.
193
What is the greatest common factor of 4280 and 530?
10
What is the greatest common factor of 174593 and 46?
23
Calculate the highest common factor of 1736 and 56266.
14
What is the highest common factor of 14 and 268108?
2
What is the greatest common factor of 10878 and 1344?
42
What is the highest common factor of 1378 and 1794?
26
Calculate the highest common factor of 1401305 and 1005.
335
What is the highest common divisor of 134002 and 88?
22
Calculate the highest common factor of 588 and 13020.
84
What is the greatest common factor of 213890 and 15038?
146
Calculate the highest common factor of 128865 and 355.
355
What is the greatest common factor of 432 and 56064?
48
What is the highest common factor of 75 and 34677?
3
What is the greatest common divisor of 609 and 155121?
87
Calculate the greatest common divisor of 6801 and 18.
3
What is the greatest common divisor of 49235 and 989?
43
What is the highest common factor of 40 and 22104?
8
What is the highest common factor of 11679 and 51?
51
What is the greatest common factor of 70 and 1742020?
70
Calculate the greatest common factor of 508 and 44.
4
Calculate the greatest common divisor of 1100 and 1620.
20
What is the highest common divisor of 20510 and 77?
7
Calculate the greatest common divisor of 225 and 145050.
75
What is the highest common divisor of 134566 and 488?
122
What is the highest common factor of 1133756 and 52?
52
What is the greatest common factor of 333 and 31131?
9
Calculate the highest common divisor of 1590 and 8530.
10
Calculate the greatest common divisor of 9084 and 138.
6
What is the greatest common divisor of 39 and 2383732?
13
Calculate the greatest common divisor of 100324 and 84.
28
Calculate the greatest common divisor of 4 and 20452.
4
Calculate the greatest common factor of 13 and 51311.
13
Calculate the highest common factor of 40 and 649770.
10
What is the highest common factor of 2422 and 1526?
14
Calculate the greatest common factor of 119918 and 5338.
34
What is the greatest common diviso